11 composite?
True
Is 1375394957 a composite number?
True
Is 27127866049 composite?
False
Is 1260652387 prime?
True
Is 75971918237 prime?
False
Is 3345166427 composite?
False
Is 86433671 a prime number?
False
Is 35227331411 a prime number?
True
Is 1385955397 a composite number?
False
Is 2864662553 a composite number?
True
Is 8297982871 a composite number?
False
Is 295377211111 a prime number?
False
Is 37144718833 a composite number?
True
Is 163498677262 composite?
True
Is 1023134569 composite?
True
Is 19080247 a composite number?
False
Is 190317032953 composite?
False
Is 4654221459 a composite number?
True
Is 40930733 prime?
True
Is 19686294385 a composite number?
True
Is 713300842 a composite number?
True
Is 5631869771 composite?
True
Is 330176141 composite?
True
Is 557765353 prime?
False
Is 1005003163 a composite number?
False
Is 842202419 prime?
False
Is 669433519 prime?
True
Is 418091078 prime?
False
Is 23462139971 a composite number?
False
Is 19202827001 prime?
False
Is 131559570559 prime?
False
Is 16990611177 a prime number?
False
Is 27447036997 a composite number?
True
Is 222480757 composite?
False
Is 22064344205 a prime number?
False
Is 54364307 prime?
True
Is 14867678767 a prime number?
True
Is 20613109957 a prime number?
False
Is 29604433519 a composite number?
True
Is 4207517227 a composite number?
True
Is 15901370267 prime?
True
Is 2150117953 a prime number?
False
Is 456439519 a composite number?
False
Is 71478932677 a composite number?
False
Is 410619413 composite?
False
Is 1100158183 prime?
True
Is 1270233929 a prime number?
False
Is 294517141 composite?
False
Is 228813097 composite?
True
Is 2628546793 prime?
False
Is 2971595678 a prime number?
False
Is 193120507 a prime number?
True
Is 23405183539 a prime number?
True
Is 2911827769 composite?
True
Is 108194205607 a prime number?
True
Is 996232969 composite?
True
Is 210539639 a composite number?
False
Is 490173949 composite?
False
Is 5336622581 prime?
True
Is 2819016029 a composite number?
False
Is 1670777107 prime?
True
Is 54530611271 a composite number?
False
Is 23667954707 prime?
False
Is 25461355771 a prime number?
True
Is 9018502613 a composite number?
False
Is 49206930527 prime?
True
Is 5834803151 prime?
True
Is 4962164243 a composite number?
True
Is 76237867 composite?
False
Is 98324399 a composite number?
False
Is 2949830909 prime?
False
Is 14043912549 prime?
False
Is 377977567 composite?
True
Is 1542536371 composite?
False
Is 1155967597 prime?
False
Is 5467419109 a prime number?
True
Is 408110869 composite?
True
Is 38048405399 a composite number?
False
Is 4348263809 a composite number?
False
Is 2309113667 composite?
True
Is 1621813135 a prime number?
False
Is 4021057774 a prime number?
False
Is 51664860235 composite?
True
Is 2643293687 composite?
False
Is 54539003 a prime number?
False
Is 5498663629 a prime number?
True
Is 649999061 a prime number?
True
Is 15792447401 composite?
False
Is 1710401281 a composite number?
False
Is 509210809 prime?
False
Is 5925286727 prime?
False
Is 13297603139 a composite number?
False
Is 8183345987 prime?
False
Is 34216812299 a prime number?
True
Is 79885566889 prime?
False
Is 1928245741 composite?
True
Is 176008451 a prime number?
True
Is 122375314942 a composite number?
True
Is 1368459767 prime?
True
Is 80269759 a prime number?
False
Is 6035584663 a prime number?
False
Is 2182611983 composite?
True
Is 27368717 a composite number?
False
Is 15130369321 a composite number?
True
Is 10231732831 a prime number?
True
Is 2035027171 a composite number?
True
Is 15816086831 a prime number?
True
Is 2801496103 composite?
True
Is 71036548717 prime?
True
Is 11547847079 prime?
True
Is 949437869 prime?
False
Is 18735192473 a prime number?
False
Is 625258537 a prime number?
True
Is 74073068609 prime?
True
Is 75828749 a composite number?
True
Is 1919710607 a prime number?
False
Is 56087747 a composite number?
False
Is 319924351 a prime number?
True
Is 6052769155 a composite number?
True
Is 5917515019 a composite number?
True
Is 1713662053 a composite number?
True
Is 18983339429 composite?
False
Is 3361827869 a prime number?
False
Is 101986152787 a prime number?
True
Is 707246621 prime?
True
Is 2419715719 a composite number?
True
Is 330628663 prime?
False
Is 10583395687 a prime number?
True
Is 6631825271 prime?
False
Is 1374269557 composite?
True
Is 1128847259 prime?
True
Is 20106280163 a composite number?
True
Is 499031279 a composite number?
False
Is 779982421 prime?
False
Is 2702068331 a prime number?
False
Is 1135393387 a composite number?
True
Is 111573632537 a composite number?
True
Is 74499349541 a composite number?
False
Is 18000060313 a composite number?
False
Is 239983031 prime?
False
Is 10848857987 a prime number?
False
Is 2696431301 composite?
True
Is 5622136493 a composite number?
True
Is 8753458993 composite?
True
Is 1380919391 a composite number?
False
Is 61692123067 a prime number?
True
Is 42338640887 a composite number?
False
Is 11367760637 a prime number?
True
Is 155053577 prime?
False
Is 16672383947 a prime number?
False
Is 576722633 a prime number?
True
Is 8998343147 a composite number?
False
Is 435172343 composite?
False
Is 58037793727 prime?
False
Is 405103201 prime?
False
Is 46720446439 prime?
False
Is 5879632387 composite?
False
Is 624602371 a prime number?
False
Is 54999216859 prime?
True
Is 314831707 composite?
False
Is 2491618891 prime?
True
Is 1437679471 a prime number?
True
Is 14547458119 composite?
True
Is 2797208321 a composite number?
False
Is 17443753247 a prime number?
True
Is 90317443 prime?
True
Is 1196614871 a composite number?
True
Is 58217539801 a prime number?
False
Is 342354373 a composite number?
False
Is 17140420978 a prime number?
False
Is 440269693 prime?
True
Is 6676606349 a prime number?
False
Is 345734449 prime?
False
Is 549216991 composite?
True
Is 17574184883 composite?
True
Is 5305779461 composite?
False
Is 20142019399 a prime number?
False
Is 1299710407 a prime number?
True
Is 11919213499 prime?
False
Is 317824747 prime?
True
Is 4371855499 prime?
False
Is 675953533 a prime number?
True
Is 37591819085 composite?
True
Is 23155313953 a composite number?
True
Is 8974918559 a prime number?
True
Is 30922792577 prime?
True
Is 36274681397 prime?
True
Is 381696685 composite?
True
Is 13512700739 composite?
True
Is 124425099203 prime?
False
Is 2578578551 a composite number?
False
Is 70530889679 a composite number?
False
Is 2531531963 composite?
True
Is 11627674197 a composite number?
True
Is 9535797181 composite?
True
Is 397782501 prime?
False
Is 4396923997 a prime number?
False
Is 53725521121 a composite number?
False
Is 4455111253 a prime number?
True
Is 3816281327 a composite number?
False
Is 21837710413 prime?
False
Is 228196721 a prime number?
False
Is 417259477 prime?
False
Is 159710113 a prime number?
False
Is 11205839401 composite?
True
Is 6272722163 a prime number?
True
Is 412264981 prime?
True
Is 224542847 composite?
True
Is 17364650057 composite?
False
Is 2802984187 a prime number?
True
Is 11898942049 a prime number?
True
Is 10230120833 a composite number?
False
Is 33718857101 a composite number?
False
Is 3762319723 a prime number?
True
Is 17453822774 prime?
False
Is 14896986019 a composite number?
True
Is 3791627429 a composite number?
True
Is 501515173 a composite number?
False
Is 5785211749 a composite number?
False
Is 1743981409 a prime number?
True
Is 1697489383 composite?
False
Is 74227128413 a composite number?
False
Is 5865866263 prime?
True
Is 663576701 a composite number?
True
Is 15676766101 prime?
True
Is 191195422871 composite?
True
Is 273208453 prime?
False
Is 5646217219 composite?
True
Is 2745097693 a prime number?
False
Is 52327055453 composite?
False
Is 3956904227 a composite number?
False
Is 592665959 a prime number?
True
Is 308682109 composite?
True
Is 2341427267 a prime number?
True
Is 1203442607 prime?
False
Is 70230637967 a prime number?
False
Is 3486370145 a composite number?
True
Is 70252368281 a prime number?
True
Is 95998886617 a composite number?
False
Is 8110856573 a composite number?
True
Is 32270306597 prime?
False
Is 32922841481 prime?
True
Is 16011144113 a prime number?
True
Is 2061592291 a prime number?
False
Is 14549141791 prime?
True
Is 2030485007 a prime number?
True